4d - -41da?
4227
In base 6, what is -1 - -4533?
4532
In base 12, what is 3266b22 - 0?
3266b22
In base 8, what is 2530727 - -4?
2530733
In base 8, what is -140457 - 11?
-140470
In base 8, what is -17 + -225?
-244
In base 9, what is -524531 + -4?
-524535
In base 2, what is 11 - 10111110011010101110?
-10111110011010101011
In base 7, what is 1135 + -144?
661
In base 6, what is -10 + 12325?
12315
In base 4, what is 0 - 2023111113?
-2023111113
In base 11, what is 49 - -a60?
aa9
In base 13, what is -258 - 5b1?
-839
In base 11, what is 81961 + 8?
81969
In base 13, what is -46 - 4a?
-93
In base 9, what is 138203 + -3?
138200
In base 3, what is 1122101202 + 11?
1122101220
In base 3, what is 10 - 20020022?
-20020012
In base 7, what is -225542 - -4?
-225535
In base 3, what is -10022002220 - -2?
-10022002211
In base 10, what is 41902 + -12?
41890
In base 14, what is 23 + -527?
-504
In base 7, what is 2302 - -5041?
10343
In base 16, what is -5a9 + -3?
-5ac
In base 12, what is -242 - 117?
-359
In base 6, what is 2101354 - -3?
2101401
In base 12, what is -190 + 2b5?
125
In base 11, what is 45712 - -48?
4575a
In base 3, what is -2 + -212222022?
-212222101
In base 7, what is -3 - -30461?
30455
In base 4, what is -13021002 - 1220?
-13022222
In base 5, what is -32314200 + 2?
-32314143
In base 5, what is -33 + -10343?
-10431
In base 9, what is 0 - -3472?
3472
In base 4, what is -101331 + -2?
-101333
In base 5, what is 104142 - 103?
104034
In base 14, what is -4 + 7a4d?
7a49
In base 10, what is 7915 - -12?
7927
In base 2, what is 10 - 101101000000001111?
-101101000000001101
In base 12, what is -23 + -15482?
-154a5
In base 12, what is 88789a + -2?
887898
In base 9, what is 6 + 3847?
3854
In base 11, what is 3 + -1a561?
-1a559
In base 5, what is 1044341200 + -10?
1044341140
In base 2, what is -1011101111011011 + 11?
-1011101111011000
In base 7, what is -2 + -114566?
-114601
In base 8, what is 2 - 2636171?
-2636167
In base 16, what is e0 - -14a?
22a
In base 9, what is 21471 - -2?
21473
In base 14, what is 26db9 + -2?
26db7
In base 13, what is -1453 - -46?
-140a
In base 15, what is -5c5 + 12?
-5b3
In base 16, what is -1eca + -8?
-1ed2
In base 15, what is 2c + -5ce?
-5a2
In base 11, what is 63793 + 3?
63796
In base 9, what is -10341 + -3?
-10344
In base 4, what is 11203111 + 313?
11210030
In base 8, what is 3 - 3662?
-3657
In base 3, what is -20111200221 - -20?
-20111200201
In base 3, what is 100022 - -11010?
111102
In base 12, what is -1a9830 - 0?
-1a9830
In base 5, what is -1030240 + -12?
-1030302
In base 16, what is 5c47c - 1?
5c47b
In base 7, what is -103262 - 1?
-103263
In base 14, what is -2 - 1c30a?
-1c30c
In base 15, what is 30e3 - -88?
317b
In base 16, what is 6c + a20?
a8c
In base 8, what is -23 - -1540?
1515
In base 7, what is 0 + 26544?
26544
In base 2, what is -11011111011 + 101110?
-11011001101
In base 6, what is -3 + 101155?
101152
In base 13, what is 3 - 27b2?
-27ac
In base 5, what is -1 + -2034213?
-2034214
In base 6, what is 1415 - -11?
1430
In base 13, what is 1 - 1a5727?
-1a5726
In base 9, what is 4 - 234802?
-234787
In base 8, what is -5577 + -301?
-6100
In base 14, what is 20dc + 23c?
233a
In base 4, what is -2023023 - -20?
-2023003
In base 2, what is 1001101 - 100001110?
-11000001
In base 10, what is 50768 - -2?
50770
In base 16, what is -21 - -39f?
37e
In base 2, what is -10110111000101 + 100?
-10110111000001
In base 9, what is -15 + 3074?
3058
In base 2, what is -1110101010110 + -1?
-1110101010111
In base 6, what is 5321 - -2504?
12225
In base 11, what is 687a + -47?
6833
In base 3, what is 10 + 1010020111?
1010020121
In base 3, what is -11111 - 2221121?
-10010002
In base 16, what is -3e - -e4?
a6
In base 8, what is -111 + -12066?
-12177
In base 8, what is -3 + 12273?
12270
In base 11, what is -4 + -3124?
-3128
In base 10, what is 27 + -133399?
-133372
In base 3, what is 10011220 - -1?
10011221
In base 11, what is 266 - -271?
527
In base 4, what is -3 + -2223221223?
-2223221232
In base 15, what is -1eac2 + -29?
-1eaeb
In base 6, what is 1354132 - 1?
1354131
In base 13, what is 4c275 - 16?
4c25c
In base 13, what is 37 + -c90c?
-c8a5
In base 15, what is 12a3 + -13?
1290
In base 14, what is -3 - 579b3?
-579b6
In base 5, what is 4 + 3020134?
3020143
In base 10, what is -16751 - -36?
-16715
In base 2, what is 11000 + -1110111110?
-1110100110
In base 12, what is 36763 + 0?
36763
In base 12, what is -b515b - 1?
-b5160
In base 13, what is 14ba6 - 5?
14ba1
In base 12, what is -262 - -194?
-8a
In base 14, what is 4 - -a937?
a93b
In base 10, what is 54381 - -88?
54469
In base 13, what is 1 - -54818?
54819
In base 15, what is 8 + 53ca?
53d3
In base 12, what is 1 + -33624?
-33623
In base 7, what is -2 - 135431?
-135433
In base 14, what is 40b - 99?
352
In base 2, what is -10000101101010 + -1001101?
-10000110110111
In base 7, what is -543532 - -4?
-543525
In base 12, what is 927 + -15?
912
In base 13, what is 2ab - -519?
7c7
In base 11, what is 57a10 + 7?
57a17
In base 8, what is -360 - -4141?
3561
In base 15, what is -aac1 + 7?
-aab9
In base 7, what is -3 - -36632?
36626
In base 9, what is 105 + -358?
-253
In base 7, what is 240444 - -23?
240500
In base 16, what is -2d47 + -f?
-2d56
In base 12, what is 549 - 2b8?
251
In base 6, what is -5 + -2353121?
-2353130
In base 4, what is 30023 + -33?
23330
In base 2, what is 101 + -1100100110010010111?
-1100100110010010010
In base 3, what is -21202000 - 1121?
-21210121
In base 16, what is eb8 - 4?
eb4
In base 8, what is 360 - -12?
372
In base 8, what is 742642 - 16?
742624
In base 13, what is -5b + -503?
-561
In base 8, what is 2 - -45314?
45316
In base 9, what is -667 + -121?
-788
In base 16, what is -2 + d921?
d91f
In base 12, what is 456a8 + 5a?
45746
In base 9, what is -17 + 115?
87
In base 9, what is -27 + -62484?
-62522
In base 11, what is 92 - 85?
8
In base 2, what is -1 - -1010100010100001001?
1010100010100001000
In base 6, what is -105151 + -5?
-105200
In base 2, what is -1111001 - 11011?
-10010100
In base 13, what is 7411 + 8?
7419
In base 11, what is 2 + -52442?
-52440
In base 4, what is -12023010 - -110?
-12022300
In base 6, what is -13 - 140032?
-140045
In base 16, what is -104 - 5b3?
-6b7
In base 5, what is -1014231 + 41?
-1014140
In base 11, what is 19 - -7780?
7799
In base 6, what is 2 + 510400?
510402
In base 8, what is -365230 + 0?
-365230
In base 15, what is 29362 - -2?
29364
In base 6, what is -222 + -1141?
-1403
In base 8, what is -370350 + 1?
-370347
In base 12, what is -a - 1698?
-16a6
In base 2, what is 11 - 11001111011100?
-11001111011001
In base 8, what is -41 - -34132?
34071
In base 15, what is 8b6b - 1b?
8b50
In base 7, what is 20 - -3245?
3265
In base 4, what is 3221333 + 12?
3222011
In base 11, what is -114 + -277?
-390
In base 10, what is -8438 - 5?
-8443
In base 7, what is 241545 + 4?
241552
In base 16, what is 17a - -1b9?
333
In base 9, what is 5842 + 7?
5850
In base 13, what is -112ba - 49?
-11336
In base 11, what is 15 - 2a0a?
-29a5
In base 14, what is 3 - -a472b?
a4730
In base 6, what is 200543 + 0?
200543
In base 13, what is -1 - -23281?
23280
In base 8, what is 20 - -55257?
55277
In base 11, what is 482a - -18?
4847
In base 15, what is 30373 - 1?
30372
In base 6, what is 3 - -42102432?
42102435
In base 2, what is 101 + 10110100100110?
10110100101011
In base 4, what is -111302 + -21?
-111323
In base 12, what is 2 - 4b57?
-4b55
In base 10, what is 5 - -6113?
6118
In base 7, what is 1 + 2433523?
2433524
In base 3, what is -200101 - 211011?
-1111112
In base 14, what is 1ad52 - -a?
1ad5c
In base 14, what is -35b15 + -16?
-35b2b
In base 7, what is 324350 - -22?
324402
In base 8, what is -300324 + 32?
-300272
In base 5, what is -11 + 22013324?
22013313
In base 5, what is -312110 - -24?
-312031
In base 3, what is 12 - -12002122001?
12002122020
In base 12, what is -58 + -548?
-5a4
In base 12, what is ba - -248b?
2589
In base 8, what is -173043 - -2?
-173041
In base 13, what is 348 - -1a?
365
In base 15, what is -22 + -25b?
-27d
In base 11, what is 26349 - -6?
26354
In base 11, what is -81 + -270?
-341
In base 11, what is -12 + -653?
-665
In base 8, what is 26105 - -5?
26112
In base 11, what is 14 - -167143?
167157
In base 10, what is -2207 - -16?
-2191
In base 5, what is 1242330 - 41?